236.
1004
What is the greatest common divisor of 3404 and 168797552?
3404
Calculate the greatest common factor of 85 and 33906109.
17
Calculate the greatest common factor of 1248 and 102374064.
624
Calculate the greatest common factor of 104224 and 3104.
32
Calculate the highest common factor of 7230515 and 218545.
545
What is the highest common factor of 2158255 and 495?
55
Calculate the highest common factor of 740 and 306260.
20
Calculate the highest common factor of 54 and 27775278.
54
What is the highest common divisor of 1524 and 503544?
12
What is the highest common factor of 176730033 and 1884?
471
What is the greatest common factor of 40 and 359455440?
40
What is the greatest common divisor of 1032370 and 36230?
10
Calculate the greatest common factor of 5400835 and 2133.
79
Calculate the greatest common divisor of 16545 and 246120.
15
What is the greatest common divisor of 118 and 9679658?
118
Calculate the greatest common divisor of 1509228 and 381388.
1484
What is the greatest common divisor of 6447090 and 195?
195
Calculate the highest common factor of 905 and 5266557.
181
Calculate the highest common factor of 6903 and 3744.
117
What is the greatest common factor of 7087 and 5753525?
373
Calculate the greatest common factor of 7959068 and 8.
4
Calculate the highest common divisor of 569360 and 410.
10
What is the highest common factor of 1940352 and 21297?
93
What is the highest common divisor of 16791 and 1148748?
87
Calculate the highest common factor of 204140 and 25960.
1180
What is the greatest common divisor of 387 and 14425812?
387
Calculate the greatest common divisor of 271499 and 23.
1
Calculate the highest common factor of 3083990 and 182.
182
Calculate the highest common divisor of 16810470 and 180.
90
What is the highest common factor of 137929116 and 78?
78
Calculate the highest common divisor of 8883231 and 32929.
2533
Calculate the greatest common divisor of 156622718 and 14.
14
What is the greatest common factor of 338 and 589616326?
338
Calculate the greatest common divisor of 615843136 and 320.
64
Calculate the greatest common factor of 60267550 and 1750.
350
What is the greatest common divisor of 77428260 and 232?
116
Calculate the greatest common divisor of 1455876 and 54612.
1332
What is the greatest common divisor of 5177568903 and 291?
291
Calculate the highest common factor of 4182162 and 43674.
1506
What is the highest common divisor of 41793885 and 21?
21
What is the greatest common divisor of 82 and 562439476?
82
Calculate the greatest common factor of 222 and 318726.
6
Calculate the highest common factor of 334750 and 225290.
130
Calculate the greatest common factor of 8827160 and 64240.
2920
What is the highest common factor of 100105215 and 315?
105
What is the highest common factor of 3468 and 34790109?
867
What is the greatest common factor of 49535 and 38?
1
What is the highest common factor of 18176 and 3059248?
1136
Calculate the highest common divisor of 84403862 and 2407.
2407
Calculate the highest common factor of 11044211 and 2505.
167
Calculate the highest common divisor of 67 and 4350578.
67
What is the highest common factor of 4411 and 86702?
11
What is the greatest common divisor of 384 and 3285952?
64
Calculate the highest common factor of 286 and 7729502.
22
Calculate the greatest common factor of 4438 and 26568721.
317
Calculate the highest common divisor of 4444 and 49086202.
2222
Calculate the highest common divisor of 32920 and 38440.
40
Calculate the greatest common factor of 190 and 13788414.
38
Calculate the greatest common divisor of 9262 and 3050566.
842
What is the highest common factor of 3024 and 666245664?
1008
Calculate the highest common divisor of 5131494 and 18.
18
Calculate the highest common divisor of 2296 and 5630996.
28
Calculate the highest common divisor of 320 and 9483920.
80
Calculate the greatest common divisor of 1916 and 64045174.
958
What is the highest common factor of 225 and 88251775?
25
Calculate the greatest common divisor of 90241 and 3479.
71
What is the greatest common factor of 51341524 and 2028?
676
What is the highest common factor of 1308 and 2452104?
12
What is the greatest common factor of 7739139 and 5855?
1171
What is the greatest common factor of 749790 and 2322?
54
Calculate the highest common factor of 122647 and 393274.
49
Calculate the highest common divisor of 16 and 178552832.
16
Calculate the greatest common factor of 11712428 and 12.
4
What is the greatest common factor of 5 and 330209015?
5
Calculate the greatest common divisor of 735480 and 488504.
1816
What is the greatest common divisor of 823 and 2687?
1
What is the greatest common divisor of 1903 and 96151?
11
Calculate the highest common factor of 72635 and 109052.
199
What is the greatest common divisor of 3306 and 97962?
174
Calculate the greatest common factor of 285757929 and 513.
513
Calculate the greatest common factor of 11339008 and 6400.
256
What is the highest common divisor of 68250 and 3867?
3
Calculate the highest common factor of 216795 and 6396180.
1455
What is the highest common factor of 2264 and 2827956?
4
What is the greatest common factor of 43 and 962310889?
43
Calculate the greatest common factor of 4628 and 302867.
89
What is the highest common divisor of 3726 and 276253?
23
What is the highest common divisor of 148 and 71007884?
148
Calculate the greatest common divisor of 38642 and 72002.
278
What is the greatest common divisor of 37884 and 1458996?
924
What is the highest common divisor of 5781 and 128166?
123
Calculate the highest common factor of 19552 and 2070068.
2444
Calculate the greatest common factor of 518 and 679468.
74
What is the greatest common factor of 19524 and 10496?
4
Calculate the greatest common factor of 314931 and 2459063.
929
What is the highest common factor of 357803149 and 22?
11
Calculate the greatest common divisor of 16157240 and 792.
88
Calculate the highest common factor of 233857 and 14989.
13
Calculate the greatest common factor of 5818187 and 123.
41
Calculate the greatest common factor of 16 and 5596952.
8
Calculate the greatest common divisor of 6 and 451614.
6
Calculate the highest common factor of 204 and 8432052.
12
Calculate the greatest common factor of 1419 and 5225187.
33
Calculate the greatest common divisor of 521 and 264222024.
521
Calculate the greatest common factor of 44144 and 20805619.
2759
What is the greatest common factor of 14253360 and 660?
660
Calculate the highest common divisor of 158004 and 31293.
513
What is the highest common divisor of 311 and 39473364?
311
What is the highest common factor of 10000 and 1773200?
400
Calculate the highest common divisor of 1018116 and 2322.
54
Calculate the greatest common factor of 73981 and 168336.
167
Calculate the greatest common divisor of 16 and 34562244.
4
Calculate the highest common divisor of 205242 and 283926.
474
Calculate the greatest common divisor of 836 and 698231798.
418
What is the highest common factor of 1451501550 and 387?
387
What is the highest common factor of 4841 and 6658332?
103
What is the highest common divisor of 18144 and 184023?
63
Calculate the greatest common factor of 10272318 and 4284.
714
What is the greatest common factor of 55803257 and 1?
1
Calculate the greatest common factor of 327310 and 240335.
355
Calculate the greatest common divisor of 4517968 and 26.
26
Calculate the greatest common divisor of 61196120 and 90.
10
Calculate the greatest common factor of 1971083 and 2759.
89
Calculate the greatest common divisor of 185773 and 336.
7
What is the greatest common divisor of 1246096 and 10336?
304
Calculate the greatest common divisor of 15005173 and 141.
47
What is the greatest common factor of 281173 and 85115?
587
Calculate the highest common factor of 17688 and 1572557536.
5896
Calculate the greatest common factor of 141060 and 2640.
60
Calculate the highest common divisor of 773 and 7443217.
773
What is the highest common divisor of 4858608 and 32?
16
Calculate the greatest common divisor of 26564489 and 83657.
2261
What is the highest common factor of 31726 and 402045?
547
What is the greatest common factor of 2701287 and 1197?
171
What is the highest common divisor of 11648393 and 20325?
271
Calculate